{"id":15,"date":"2011-02-15T14:08:14","date_gmt":"2011-02-15T14:08:14","guid":{"rendered":"http:\/\/blogs.abo.fi\/balm\/"},"modified":"2011-04-11T09:34:33","modified_gmt":"2011-04-11T09:34:33","slug":"vanner","status":"publish","type":"page","link":"https:\/\/blogs.abo.fi\/benjaminalm\/om\/vanner\/","title":{"rendered":"Fiktiva v\u00e4nner"},"content":{"rendered":"<p>Ute p\u00e5 n\u00e4tet har jag n\u00e5gra fiktiva v\u00e4nner som v\u00e4rmer mitt hj\u00e4rta. <a href=\"http:\/\/soderfamiljen.wordpress.com\/\">Mattias Niels\u00e9n<\/a>, som jag tr\u00e4ffade p\u00e5 en yogakurs p\u00e5 en kursg\u00e5rd i Sm\u00e5land f\u00f6r m\u00e5nga \u00e5r sedan, har en blogg om hur det \u00e4r att vara sm\u00e5barnsf\u00f6r\u00e4lder p\u00e5 S\u00f6der i Stockholm.<\/p>\n<p>Link\u00f6pingsbon <a href=\"http:\/\/weredsvadligheter.blogspot.com\/\">Kurt Wered <\/a>skriver om hur det \u00e4r att vara intellekuell p\u00e5 \u00f6stg\u00f6tasl\u00e4tten. Jag k\u00e4nner i m\u00e5ngt och mycket k\u00e4nner igen mig, \u00e4ven om jag h\u00e4rstammar fr\u00e5n de betydligt m\u00f6rkare sm\u00e5l\u00e4ndska skogarna och d\u00e4rf\u00f6r inte delar Kurts optimistiska livssyn.<\/p>\n","protected":false},"excerpt":{"rendered":"<p>Ute p\u00e5 n\u00e4tet har jag n\u00e5gra fiktiva v\u00e4nner som v\u00e4rmer mitt hj\u00e4rta. Mattias Niels\u00e9n, som jag tr\u00e4ffade p\u00e5 en yogakurs p\u00e5 en kursg\u00e5rd i Sm\u00e5land f\u00f6r m\u00e5nga \u00e5r sedan, har en blogg om hur det \u00e4r att vara sm\u00e5barnsf\u00f6r\u00e4lder p\u00e5 &hellip; <a href=\"https:\/\/blogs.abo.fi\/benjaminalm\/om\/vanner\/\">Forts\u00e4tt l\u00e4sa <span class=\"meta-nav\">&rarr;<\/span><\/a><\/p>\n","protected":false},"author":63,"featured_media":0,"parent":2,"menu_order":0,"comment_status":"open","ping_status":"open","template":"","meta":{"footnotes":""},"class_list":["post-15","page","type-page","status-publish","hentry"],"_links":{"self":[{"href":"https:\/\/blogs.abo.fi\/benjaminalm\/wp-json\/wp\/v2\/pages\/15","targetHints":{"allow":["GET"]}}],"collection":[{"href":"https:\/\/blogs.abo.fi\/benjaminalm\/wp-json\/wp\/v2\/pages"}],"about":[{"href":"https:\/\/blogs.abo.fi\/benjaminalm\/wp-json\/wp\/v2\/types\/page"}],"author":[{"embeddable":true,"href":"https:\/\/blogs.abo.fi\/benjaminalm\/wp-json\/wp\/v2\/users\/63"}],"replies":[{"embeddable":true,"href":"https:\/\/blogs.abo.fi\/benjaminalm\/wp-json\/wp\/v2\/comments?post=15"}],"version-history":[{"count":4,"href":"https:\/\/blogs.abo.fi\/benjaminalm\/wp-json\/wp\/v2\/pages\/15\/revisions"}],"predecessor-version":[{"id":17,"href":"https:\/\/blogs.abo.fi\/benjaminalm\/wp-json\/wp\/v2\/pages\/15\/revisions\/17"}],"up":[{"embeddable":true,"href":"https:\/\/blogs.abo.fi\/benjaminalm\/wp-json\/wp\/v2\/pages\/2"}],"wp:attachment":[{"href":"https:\/\/blogs.abo.fi\/benjaminalm\/wp-json\/wp\/v2\/media?parent=15"}],"curies":[{"name":"wp","href":"https:\/\/api.w.org\/{rel}","templated":true}]}}

Fiktiva vänner

<p>Ute på nätet har jag några fiktiva vänner som värmer mitt hjärta. <a href="http://soderfamiljen.wordpress.com/">Mattias Nielsén</a>, som jag träffade på en yogakurs på en kursgård i Småland för många år sedan, har en blogg om hur det är att vara småbarnsförälder på Söder i Stockholm.</p>
<p>Linköpingsbon <a href="http://weredsvadligheter.blogspot.com/">Kurt Wered </a>skriver om hur det är att vara intellekuell på östgötaslätten. Jag känner i mångt och mycket känner igen mig, även om jag härstammar från de betydligt mörkare småländska skogarna och därför inte delar Kurts optimistiska livssyn.</p>

<p>Ute på nätet har jag några fiktiva vänner som värmer mitt hjärta. Mattias Nielsén, som jag träffade på en yogakurs på en kursgård i Småland för många år sedan, har en blogg om hur det är att vara småbarnsförälder på &hellip; <a href="https://blogs.abo.fi/benjaminalm/om/vanner/">Fortsätt läsa <span class="meta-nav">&rarr;</span></a></p>
