{"id":2,"date":"2011-05-24T07:04:45","date_gmt":"2011-05-24T07:04:45","guid":{"rendered":"http:\/\/blogs.abo.fi\/biblioteket\/?page_id=2"},"modified":"2015-11-09T14:44:14","modified_gmt":"2015-11-09T11:44:14","slug":"om","status":"publish","type":"page","link":"https:\/\/blogs.abo.fi\/biblioteket\/om\/","title":{"rendered":"Om bloggen"},"content":{"rendered":"<p style=\"text-align: left\">\u00c5bo Akademis bibliotek erbjuder bibliotekstj\u00e4nster i <a href=\"http:\/\/www.abo.fi\/bibliotek\/\" target=\"_blank\">\u00c5bo<\/a> och i Vasa som en del av <a title=\"Tritonia\" href=\"http:\/\/www.tritonia.fi\/\" target=\"_blank\">Tritonia<\/a>. I den h\u00e4r bloggen kommer vi att ber\u00e4tta om v\u00e5r service och v\u00e5ra resurser och tipsa om aktuella saker inom biblioteksv\u00e4rlden. Om du inte vill kommentera men \u00e4nd\u00e5 har fr\u00e5gor, g\u00e5r det alltid att kontakta oss p\u00e5 <a href=\"mailto:biblioteket@abo.fi\" target=\"_blank\">biblioteket@abo.fi<\/a>. V\u00e4lkommen!<\/p>\n","protected":false},"excerpt":{"rendered":"<p>\u00c5bo Akademis bibliotek erbjuder bibliotekstj\u00e4nster i \u00c5bo och i Vasa som en del av Tritonia. I den h\u00e4r bloggen kommer vi att ber\u00e4tta om v\u00e5r service och v\u00e5ra resurser och tipsa om aktuella saker inom biblioteksv\u00e4rlden. Om du inte vill kommentera men \u00e4nd\u00e5 har fr\u00e5gor, g\u00e5r det alltid att kontakta oss p\u00e5 biblioteket@abo.fi. V\u00e4lkommen!<\/p>\n","protected":false},"author":4,"featured_media":0,"parent":0,"menu_order":0,"comment_status":"open","ping_status":"open","template":"","meta":{"footnotes":""},"class_list":["post-2","page","type-page","status-publish","hentry"],"_links":{"self":[{"href":"https:\/\/blogs.abo.fi\/biblioteket\/wp-json\/wp\/v2\/pages\/2","targetHints":{"allow":["GET"]}}],"collection":[{"href":"https:\/\/blogs.abo.fi\/biblioteket\/wp-json\/wp\/v2\/pages"}],"about":[{"href":"https:\/\/blogs.abo.fi\/biblioteket\/wp-json\/wp\/v2\/types\/page"}],"author":[{"embeddable":true,"href":"https:\/\/blogs.abo.fi\/biblioteket\/wp-json\/wp\/v2\/users\/4"}],"replies":[{"embeddable":true,"href":"https:\/\/blogs.abo.fi\/biblioteket\/wp-json\/wp\/v2\/comments?post=2"}],"version-history":[{"count":12,"href":"https:\/\/blogs.abo.fi\/biblioteket\/wp-json\/wp\/v2\/pages\/2\/revisions"}],"predecessor-version":[{"id":1876,"href":"https:\/\/blogs.abo.fi\/biblioteket\/wp-json\/wp\/v2\/pages\/2\/revisions\/1876"}],"wp:attachment":[{"href":"https:\/\/blogs.abo.fi\/biblioteket\/wp-json\/wp\/v2\/media?parent=2"}],"curies":[{"name":"wp","href":"https:\/\/api.w.org\/{rel}","templated":true}]}}