{"id":2,"date":"2021-06-14T10:26:45","date_gmt":"2021-06-14T08:26:45","guid":{"rendered":"https:\/\/blogs.abo.fi\/etik-i-en-globaliserad-varld\/?page_id=2"},"modified":"2024-01-08T09:23:48","modified_gmt":"2024-01-08T07:23:48","slug":"exempelsida","status":"publish","type":"page","link":"https:\/\/blogs.abo.fi\/etik-i-en-globaliserad-varld\/","title":{"rendered":"Om bi\u00e4mnet"},"content":{"rendered":"\r\n<p>\u00c4r du n\u00e5gon som alltid b\u00f6rjar tala eller lyssna n\u00e4r olika samh\u00e4llsfr\u00e5gor kommer p\u00e5 tal? Undrar du hur du kan bidra till att v\u00e4rlden blir b\u00e4ttre f\u00f6r alla och inte enbart f\u00f6r n\u00e5gra?<\/p>\r\n<p>D\u00e5 \u00e4r bi\u00e4mnet <a href=\"https:\/\/studiehandboken.abo.fi\/sv\/program\/22129?period=2020-2022\">\u201dEtik i en globaliserad v\u00e4rld\u201d (25 sp)<\/a> som gjort f\u00f6r dig!<\/p>\r\n<p>I bi\u00e4mnet unders\u00f6ker vi etiska och politiska ansvarsfr\u00e5gor i ljuset av de<a href=\"https:\/\/um.fi\/agenda-2030-de-globala-malen-for-hallbar-utveckling\"> globala m\u00e5len f\u00f6r h\u00e5llbar utveckling som FN formulerat i Agenda 2030<\/a>. Vilka \u00e4r de etiska gr\u00e4nserna f\u00f6r\u00a0 v\u00e5rt t\u00e4nkande om vi vill leva i samklang med naturen och inte \u00f6verskrida v\u00e5ra tillg\u00e5ngar? Vilka politiska och ekonomiska utmaningar st\u00e5r vi inf\u00f6r om vi vill bygga r\u00e4ttvisa och stabila samh\u00e4llen lokalt och globalt? G\u00e5r det \u00f6verhuvudtaget att f\u00f6ra samman ekologisk, ekonomisk och social h\u00e5llbarhet?<\/p>\r\n<p>I kurserna sammanf\u00f6r vi etisk sj\u00e4lvreflektion med humanistisk och samh\u00e4llsvetenskaplig forskning f\u00f6r att tillsammans utforska n\u00e5gra av dagens stora livs- och \u00f6desfr\u00e5gor. Tyngdpunkten i undervisningen ligger p\u00e5 samarbete och dialog. I olika diskussions- och skriv\u00f6vningar s\u00f6ker vi v\u00e4gar att utmana oss sj\u00e4lva och andra i invanda tankebanor. Vi l\u00e4r oss att aktivt lyssna in andra, och att hitta nya ov\u00e4ntade perspektiv p\u00e5 bekanta fr\u00e5gor.<\/p>\r\n<p>Kurserna riktar sig till alla som vill bli b\u00e4ttre p\u00e5 att t\u00e4nka sj\u00e4lvst\u00e4ndigt och hj\u00e4lpa andra g\u00f6ra det. De ger analytiska f\u00e4rdigheter f\u00f6r att arbeta med fr\u00e5gor om etik, r\u00e4ttvisa, h\u00e5llbarhet och globalisering. De \u00e4r speciellt anv\u00e4ndbara f\u00f6r blivande l\u00e4rare, samh\u00e4lleliga beslutsfattare, samh\u00e4llsbevakare, ledare och f\u00f6retagare.<\/p>\r\n<p><span style=\"font-weight: 400\">Helheten \u00e4r relevant f\u00f6r studerande som avl\u00e4gger studier i livs\u00e5sk\u00e5dningskunskap. <\/span><span style=\"font-weight: 400\">De tv\u00e5 engelska kurserna kan \u00e4ven avl\u00e4ggas i<a href=\"https:\/\/blogs.abo.fi\/socialexclusion\/\"> magisterprogrammet \u201dSocial exclusion\u201d<\/a>.<\/span><\/p>\r\n<p>Det g\u00e5r ocks\u00e5 att avl\u00e4gga helheten som <a href=\"https:\/\/studiehandboken.abo.fi\/sv\/program\/16501?period=2020-2022\">magistermodul (20 sp)<\/a>. Den f\u00f6rsta kursen (\u201dH\u00e5llbarhet och etik\u201d) \u00e4r d\u00e5 obligatorisk och man v\u00e4ljer d\u00e4rtill tre av de fyra \u00f6vriga kurserna.<\/p>\r\n","protected":false},"excerpt":{"rendered":"<p>\u00c4r du n\u00e5gon som alltid b\u00f6rjar tala eller lyssna n\u00e4r olika samh\u00e4llsfr\u00e5gor kommer p\u00e5 tal? Undrar du hur du kan bidra till att v\u00e4rlden blir b\u00e4ttre f\u00f6r alla och inte enbart f\u00f6r n\u00e5gra? D\u00e5 \u00e4r bi\u00e4mnet \u201dEtik i en globaliserad v\u00e4rld\u201d (25 sp) som gjort f\u00f6r dig! I bi\u00e4mnet unders\u00f6ker vi etiska och politiska ansvarsfr\u00e5gor [&hellip;]<\/p>\n","protected":false},"author":709,"featured_media":0,"parent":0,"menu_order":0,"comment_status":"closed","ping_status":"open","template":"","meta":{"footnotes":""},"class_list":["post-2","page","type-page","status-publish","hentry"],"_links":{"self":[{"href":"https:\/\/blogs.abo.fi\/etik-i-en-globaliserad-varld\/wp-json\/wp\/v2\/pages\/2","targetHints":{"allow":["GET"]}}],"collection":[{"href":"https:\/\/blogs.abo.fi\/etik-i-en-globaliserad-varld\/wp-json\/wp\/v2\/pages"}],"about":[{"href":"https:\/\/blogs.abo.fi\/etik-i-en-globaliserad-varld\/wp-json\/wp\/v2\/types\/page"}],"author":[{"embeddable":true,"href":"https:\/\/blogs.abo.fi\/etik-i-en-globaliserad-varld\/wp-json\/wp\/v2\/users\/709"}],"replies":[{"embeddable":true,"href":"https:\/\/blogs.abo.fi\/etik-i-en-globaliserad-varld\/wp-json\/wp\/v2\/comments?post=2"}],"version-history":[{"count":22,"href":"https:\/\/blogs.abo.fi\/etik-i-en-globaliserad-varld\/wp-json\/wp\/v2\/pages\/2\/revisions"}],"predecessor-version":[{"id":195,"href":"https:\/\/blogs.abo.fi\/etik-i-en-globaliserad-varld\/wp-json\/wp\/v2\/pages\/2\/revisions\/195"}],"wp:attachment":[{"href":"https:\/\/blogs.abo.fi\/etik-i-en-globaliserad-varld\/wp-json\/wp\/v2\/media?parent=2"}],"curies":[{"name":"wp","href":"https:\/\/api.w.org\/{rel}","templated":true}]}}