{"id":20,"date":"2018-08-28T10:06:22","date_gmt":"2018-08-28T08:06:22","guid":{"rendered":"https:\/\/blogs.abo.fi\/filosofi\/?page_id=20"},"modified":"2026-09-02T12:51:03","modified_gmt":"2026-09-02T09:51:03","slug":"forskarseminarium","status":"publish","type":"page","link":"https:\/\/blogs.abo.fi\/filosofi\/forskarseminarium\/","title":{"rendered":"Forskarseminarium"},"content":{"rendered":"<p><strong>Forskarseminariet i filosofi ht 2026<\/strong><\/p>\n<p><strong>M\u00e5ndagar 18-20, K\u00e4llan (Arken C 201)<\/strong><\/p>\n<p>7.9 Valde Hougaard (\u00c5A): <a href=\"http:\/\/web.abo.fi\/fak\/hf\/filosofi\/fsemi\/papers\/260907.pdf\">Superficial Action Explanation<\/a><\/p>\n<p>14.9 Martin Gustafsson (\u00c5A): Philosophy as a Crisis Phenomenon<\/p>\n<p>21.9 John Haglund (\u00c5A)<\/p>\n<p>28.9 Christoffer Steffansson (\u00c5A)<\/p>\n<p>5.10 Salla Aldrin-Salskov (\u00c5A)<\/p>\n<p>12.10 Ari-Elmeri Hyv\u00f6nen (Jyv\u00e4skyl\u00e4)<\/p>\n<p>19.10 Olli Lagerspetz (\u00c5A)<\/p>\n<p>26.10<\/p>\n<p>2.11<\/p>\n<p>9.11 Ryan Manhire (Pardubice)<\/p>\n<p>16.11 Arwen Rosenberg-Meerenboer (\u00c5A)<\/p>\n<p>23.11<\/p>\n<p>30.11<\/p>\n<p>7.12<\/p>\n<p>14.12 Julfest<\/p>\n<p><a href=\"https:\/\/blogs.abo.fi\/filosofi\/tidigare-forskarseminarium\/\">Tidigare forskarseminarium<\/a><\/p>\n<ul>\n<li><a href=\"https:\/\/blogs.abo.fi\/filosofi\/2026-2\/\">2026-<\/a><\/li>\n<li><a href=\"https:\/\/blogs.abo.fi\/filosofi\/tidigare-forskarseminarium\/2021-2\/\">2021-2025<\/a><\/li>\n<li><a href=\"https:\/\/blogs.abo.fi\/filosofi\/tidigare-forskarseminarium\/2016-2020\/\">2016-2020<\/a><\/li>\n<li><a href=\"https:\/\/blogs.abo.fi\/filosofi\/tidigare-forskarseminarium\/2011-2015\/\">2011-2015<\/a><\/li>\n<li><a href=\"https:\/\/blogs.abo.fi\/filosofi\/tidigare-forskarseminarium\/2006-2010\/\">2006-2010<\/a><\/li>\n<li><a href=\"https:\/\/blogs.abo.fi\/filosofi\/tidigare-forskarseminarium\/2000-2005\/\">2000-2005<\/a><\/li>\n<li><a href=\"https:\/\/blogs.abo.fi\/filosofi\/tidigare-forskarseminarium\/1997-1999\/\">1997-1999<\/a><\/li>\n<\/ul>\n","protected":false},"excerpt":{"rendered":"<p>Forskarseminariet i filosofi ht 2026 M\u00e5ndagar 18-20, K\u00e4llan (Arken C 201) 7.9 Valde Hougaard (\u00c5A): Superficial Action Explanation 14.9 Martin Gustafsson (\u00c5A): Philosophy as a Crisis Phenomenon 21.9 John Haglund (\u00c5A) 28.9 Christoffer Steffansson (\u00c5A) 5.10 Salla Aldrin-Salskov (\u00c5A) 12.10 Ari-Elmeri Hyv\u00f6nen (Jyv\u00e4skyl\u00e4) 19.10 Olli Lagerspetz (\u00c5A) 26.10 2.11 9.11 Ryan Manhire (Pardubice) 16.11 Arwen [&hellip;]<\/p>\n","protected":false},"author":512,"featured_media":49,"parent":0,"menu_order":0,"comment_status":"closed","ping_status":"closed","template":"","meta":{"footnotes":""},"class_list":["post-20","page","type-page","status-publish","has-post-thumbnail","hentry"],"_links":{"self":[{"href":"https:\/\/blogs.abo.fi\/filosofi\/wp-json\/wp\/v2\/pages\/20","targetHints":{"allow":["GET"]}}],"collection":[{"href":"https:\/\/blogs.abo.fi\/filosofi\/wp-json\/wp\/v2\/pages"}],"about":[{"href":"https:\/\/blogs.abo.fi\/filosofi\/wp-json\/wp\/v2\/types\/page"}],"author":[{"embeddable":true,"href":"https:\/\/blogs.abo.fi\/filosofi\/wp-json\/wp\/v2\/users\/512"}],"replies":[{"embeddable":true,"href":"https:\/\/blogs.abo.fi\/filosofi\/wp-json\/wp\/v2\/comments?post=20"}],"version-history":[{"count":475,"href":"https:\/\/blogs.abo.fi\/filosofi\/wp-json\/wp\/v2\/pages\/20\/revisions"}],"predecessor-version":[{"id":1305,"href":"https:\/\/blogs.abo.fi\/filosofi\/wp-json\/wp\/v2\/pages\/20\/revisions\/1305"}],"wp:featuredmedia":[{"embeddable":true,"href":"https:\/\/blogs.abo.fi\/filosofi\/wp-json\/wp\/v2\/media\/49"}],"wp:attachment":[{"href":"https:\/\/blogs.abo.fi\/filosofi\/wp-json\/wp\/v2\/media?parent=20"}],"curies":[{"name":"wp","href":"https:\/\/api.w.org\/{rel}","templated":true}]}}

<p><strong>Forskarseminariet i filosofi ht 2026</strong></p>
<p><strong>Måndagar 18-20, Källan (Arken C 201)</strong></p>
<p>7.9 Valde Hougaard (ÅA): <a href="http://web.abo.fi/fak/hf/filosofi/fsemi/papers/260907.pdf">Superficial Action Explanation</a></p>
<p>14.9 Martin Gustafsson (ÅA): Philosophy as a Crisis Phenomenon</p>
<p>21.9 John Haglund (ÅA)</p>
<p>28.9 Christoffer Steffansson (ÅA)</p>
<p>5.10 Salla Aldrin-Salskov (ÅA)</p>
<p>12.10 Ari-Elmeri Hyvönen (Jyväskylä)</p>
<p>19.10 Olli Lagerspetz (ÅA)</p>
<p>26.10</p>
<p>2.11</p>
<p>9.11 Ryan Manhire (Pardubice)</p>
<p>16.11 Arwen Rosenberg-Meerenboer (ÅA)</p>
<p>23.11</p>
<p>30.11</p>
<p>7.12</p>
<p>14.12 Julfest</p>
<p><a href="https://blogs.abo.fi/filosofi/tidigare-forskarseminarium/">Tidigare forskarseminarium</a></p>
<ul>
<li><a href="https://blogs.abo.fi/filosofi/2026-2/">2026-</a></li>
<li><a href="https://blogs.abo.fi/filosofi/tidigare-forskarseminarium/2021-2/">2021-2025</a></li>
<li><a href="https://blogs.abo.fi/filosofi/tidigare-forskarseminarium/2016-2020/">2016-2020</a></li>
<li><a href="https://blogs.abo.fi/filosofi/tidigare-forskarseminarium/2011-2015/">2011-2015</a></li>
<li><a href="https://blogs.abo.fi/filosofi/tidigare-forskarseminarium/2006-2010/">2006-2010</a></li>
<li><a href="https://blogs.abo.fi/filosofi/tidigare-forskarseminarium/2000-2005/">2000-2005</a></li>
<li><a href="https://blogs.abo.fi/filosofi/tidigare-forskarseminarium/1997-1999/">1997-1999</a></li>
</ul>

<p>Forskarseminariet i filosofi ht 2026 Måndagar 18-20, Källan (Arken C 201) 7.9 Valde Hougaard (ÅA): Superficial Action Explanation 14.9 Martin Gustafsson (ÅA): Philosophy as a Crisis Phenomenon 21.9 John Haglund (ÅA) 28.9 Christoffer Steffansson (ÅA) 5.10 Salla Aldrin-Salskov (ÅA) 12.10 Ari-Elmeri Hyvönen (Jyväskylä) 19.10 Olli Lagerspetz (ÅA) 26.10 2.11 9.11 Ryan Manhire (Pardubice) 16.11 Arwen [&hellip;]</p>
