{"id":32,"date":"2024-06-20T02:53:06","date_gmt":"2024-06-20T00:53:06","guid":{"rendered":"https:\/\/blogs.abo.fi\/hhaamikromeriter\/?page_id=32"},"modified":"2024-07-03T17:42:18","modified_gmt":"2024-07-03T15:42:18","slug":"kontaktuppgifter","status":"publish","type":"page","link":"https:\/\/blogs.abo.fi\/hhaamikromeriter\/kontaktuppgifter\/","title":{"rendered":"Kontaktuppgifter"},"content":{"rendered":"<div class=\"contact-card__email-phone\">\n<div class=\"contact-card__email\"><strong>Anna-Greta Nystr\u00f6m<\/strong><\/div>\n<div>\n<div class=\"contact-card__titles\">\n<p>Professor\u00a0i f\u00f6retagsekonomi, s\u00e4rskilt internationell f\u00f6retagsverksamhet<\/p>\n<\/div>\n<\/div>\n<div class=\"contact-card__email\"><a href=\"mailto:anna-greta.nystrom@abo.fi\">anna-greta.nystrom@abo.fi <\/a><\/div>\n<p class=\"contact-card__phone\">+358 469216657<\/p>\n<p><img loading=\"lazy\" decoding=\"async\" class=\"alignnone size-medium wp-image-33\" src=\"https:\/\/blogs.abo.fi\/hhaamikromeriter\/files\/2024\/06\/Anna-Greta-223x300.jpg\" alt=\"\" width=\"223\" height=\"300\" srcset=\"https:\/\/blogs.abo.fi\/hhaamikromeriter\/files\/2024\/06\/Anna-Greta-223x300.jpg 223w, https:\/\/blogs.abo.fi\/hhaamikromeriter\/files\/2024\/06\/Anna-Greta.jpg 297w\" sizes=\"auto, (max-width: 223px) 100vw, 223px\" \/><\/p>\n<\/div>\n<p>&nbsp;<\/p>\n<p>&nbsp;<\/p>\n<p><strong>Sofia Ess\u00e9n<\/strong><\/p>\n<p>Projektkoordinator, Handelsh\u00f6gskolan vid \u00c5bo Akademi<\/p>\n<p>sofia.essen@abo.fi<\/p>\n<p><img loading=\"lazy\" decoding=\"async\" class=\"alignnone size-medium wp-image-95\" src=\"https:\/\/blogs.abo.fi\/hhaamikromeriter\/files\/2024\/07\/image1-208x300.jpeg\" alt=\"\" width=\"208\" height=\"300\" srcset=\"https:\/\/blogs.abo.fi\/hhaamikromeriter\/files\/2024\/07\/image1-208x300.jpeg 208w, https:\/\/blogs.abo.fi\/hhaamikromeriter\/files\/2024\/07\/image1-709x1024.jpeg 709w, https:\/\/blogs.abo.fi\/hhaamikromeriter\/files\/2024\/07\/image1-768x1109.jpeg 768w, https:\/\/blogs.abo.fi\/hhaamikromeriter\/files\/2024\/07\/image1-1064x1536.jpeg 1064w, https:\/\/blogs.abo.fi\/hhaamikromeriter\/files\/2024\/07\/image1.jpeg 1068w\" sizes=\"auto, (max-width: 208px) 100vw, 208px\" \/><\/p>\n","protected":false},"excerpt":{"rendered":"<p>Anna-Greta Nystr\u00f6m Professor\u00a0i f\u00f6retagsekonomi, s\u00e4rskilt internationell f\u00f6retagsverksamhet anna-greta.nystrom@abo.fi +358 469216657 &nbsp; &nbsp; Sofia Ess\u00e9n Projektkoordinator, Handelsh\u00f6gskolan vid \u00c5bo Akademi sofia.essen@abo.fi<\/p>\n","protected":false},"author":774,"featured_media":0,"parent":0,"menu_order":0,"comment_status":"closed","ping_status":"closed","template":"","meta":{"footnotes":""},"class_list":["post-32","page","type-page","status-publish","hentry"],"_links":{"self":[{"href":"https:\/\/blogs.abo.fi\/hhaamikromeriter\/wp-json\/wp\/v2\/pages\/32","targetHints":{"allow":["GET"]}}],"collection":[{"href":"https:\/\/blogs.abo.fi\/hhaamikromeriter\/wp-json\/wp\/v2\/pages"}],"about":[{"href":"https:\/\/blogs.abo.fi\/hhaamikromeriter\/wp-json\/wp\/v2\/types\/page"}],"author":[{"embeddable":true,"href":"https:\/\/blogs.abo.fi\/hhaamikromeriter\/wp-json\/wp\/v2\/users\/774"}],"replies":[{"embeddable":true,"href":"https:\/\/blogs.abo.fi\/hhaamikromeriter\/wp-json\/wp\/v2\/comments?post=32"}],"version-history":[{"count":3,"href":"https:\/\/blogs.abo.fi\/hhaamikromeriter\/wp-json\/wp\/v2\/pages\/32\/revisions"}],"predecessor-version":[{"id":96,"href":"https:\/\/blogs.abo.fi\/hhaamikromeriter\/wp-json\/wp\/v2\/pages\/32\/revisions\/96"}],"wp:attachment":[{"href":"https:\/\/blogs.abo.fi\/hhaamikromeriter\/wp-json\/wp\/v2\/media?parent=32"}],"curies":[{"name":"wp","href":"https:\/\/api.w.org\/{rel}","templated":true}]}}