{"id":832,"date":"2019-03-04T12:49:47","date_gmt":"2019-03-04T10:49:47","guid":{"rendered":"http:\/\/blogs.abo.fi\/historia\/?page_id=832"},"modified":"2019-10-02T12:23:00","modified_gmt":"2019-10-02T10:23:00","slug":"historieamnet-vid-abo-akademi","status":"publish","type":"page","link":"https:\/\/blogs.abo.fi\/historia\/historieamnet-vid-abo-akademi\/","title":{"rendered":"Historie\u00e4mnet vid \u00c5bo Akademi"},"content":{"rendered":"<p>Historia vid \u00c5bo Akademi har i 100 \u00e5r utbildat historiker p\u00e5 svenska i Finland och professuren f\u00f6r Nordisk historia var en av de f\u00f6rsta som tillsattes vid den nygrundade akademin 1918. Idag har Historie\u00e4mnet vid \u00c5bo Akademi tv\u00e5 inriktningar: nordisk och allm\u00e4n historia. \u00c4mnet som ing\u00e5r i Fakulteten f\u00f6r Humaniora, Psykologi och Teologi (FHPT) har ett hundratal aktiva studenter p\u00e5 kandidat- och magisterniv\u00e5. Dessutom finns ett tjugotal aktiva doktorander och projektforskare anknutna till enheten.<\/p>\n<p>Forskningen i Historia vid \u00c5bo Akademi omsp\u00e4nner ett brett antal forskningsinriktningar. Centrala forskningsf\u00e4lt \u00e4r globalhistoria, \u00f6verlappande rum och regioner fr\u00e5n senmedeltiden och tidigmodern tid till den moderna perioden, politisk kultur i ett l\u00e5ngt tidsperspektiv, tidigmodern och modern milit\u00e4rhistoria, radikala transnationella r\u00f6relser under 1900-talet, spr\u00e5k och identifikation ur historiskt perspektiv, samt genus- konsumtions och milj\u00f6historia.<\/p>\n<p><a href=\"https:\/\/www.abo.fi\/amnen\/historia\/\" target=\"_blank\" rel=\"noopener noreferrer\">Historia vid \u00c5bo Akademis webbsida<\/a><\/p>\n","protected":false},"excerpt":{"rendered":"<p>Historia vid \u00c5bo Akademi har i 100 \u00e5r utbildat historiker p\u00e5 svenska i Finland och professuren f\u00f6r Nordisk historia var en av de f\u00f6rsta som tillsattes vid den nygrundade akademin 1918. Idag har Historie\u00e4mnet vid \u00c5bo Akademi tv\u00e5 inriktningar: nordisk och allm\u00e4n historia. \u00c4mnet som ing\u00e5r i Fakulteten f\u00f6r Humaniora, Psykologi och Teologi (FHPT) har [&hellip;]<\/p>\n","protected":false},"author":612,"featured_media":0,"parent":0,"menu_order":0,"comment_status":"closed","ping_status":"closed","template":"","meta":{"footnotes":""},"class_list":["post-832","page","type-page","status-publish","hentry"],"_links":{"self":[{"href":"https:\/\/blogs.abo.fi\/historia\/wp-json\/wp\/v2\/pages\/832","targetHints":{"allow":["GET"]}}],"collection":[{"href":"https:\/\/blogs.abo.fi\/historia\/wp-json\/wp\/v2\/pages"}],"about":[{"href":"https:\/\/blogs.abo.fi\/historia\/wp-json\/wp\/v2\/types\/page"}],"author":[{"embeddable":true,"href":"https:\/\/blogs.abo.fi\/historia\/wp-json\/wp\/v2\/users\/612"}],"replies":[{"embeddable":true,"href":"https:\/\/blogs.abo.fi\/historia\/wp-json\/wp\/v2\/comments?post=832"}],"version-history":[{"count":7,"href":"https:\/\/blogs.abo.fi\/historia\/wp-json\/wp\/v2\/pages\/832\/revisions"}],"predecessor-version":[{"id":1122,"href":"https:\/\/blogs.abo.fi\/historia\/wp-json\/wp\/v2\/pages\/832\/revisions\/1122"}],"wp:attachment":[{"href":"https:\/\/blogs.abo.fi\/historia\/wp-json\/wp\/v2\/media?parent=832"}],"curies":[{"name":"wp","href":"https:\/\/api.w.org\/{rel}","templated":true}]}}