{"id":6,"date":"2018-06-27T14:46:03","date_gmt":"2018-06-27T11:46:03","guid":{"rendered":"https:\/\/blogs.abo.fi\/impact\/?page_id=6"},"modified":"2019-02-06T11:50:18","modified_gmt":"2019-02-06T09:50:18","slug":"abo-akademi-och-samhallet-abo-akademi-university-societal-impact","status":"publish","type":"page","link":"https:\/\/blogs.abo.fi\/impact\/","title":{"rendered":""},"content":{"rendered":"<p style=\"text-align: right\"><em>***In English below***<\/em><\/p>\n<p>\u00c5bo Akademi beviljades 1,9 miljoner euro i Finlands Akademis fj\u00e4rde rond f\u00f6r profileringsfinansiering. Finansieringen ska i huvudsak anv\u00e4ndas f\u00f6r s\u00e4rskilda satsningar p\u00e5 &#8221;impact&#8221;, det vill s\u00e4ga forskningens och universitetets samh\u00e4llseffekt.<\/p>\n<p>Vetenskapen ber\u00f6r v\u00e4rlden p\u00e5 m\u00e5nga olika s\u00e4tt. Forskningsresultaten kan ge f\u00f6rb\u00e4ttrat v\u00e4lm\u00e5ende, ekonomisk nytta, eller ocks\u00e5 st\u00e5r vetenskapen som grund f\u00f6r v\u00e4rldsbild och bildning. Allt det h\u00e4r \u00e4r samh\u00e4llseffekt. Inom profileringsarbetet st\u00e4ller vi oss nu fr\u00e5gan:<\/p>\n<blockquote><p>Hurudan genomslagskraft har \u00c5bo Akademis forskning i samh\u00e4llet?<\/p><\/blockquote>\n<p>Hur uppfattar vi som universitet v\u00e5rt samh\u00e4llsansvar, och hur uppfattar omv\u00e4rlden v\u00e5rt ansvar?<\/p>\n<p><a href=\"https:\/\/blogs.abo.fi\/impact\/files\/2019\/02\/A\u030aAU-Guidelines-for-Impact.pdf\" target=\"_blank\" rel=\"noopener\">Arbetet med \u00c5bo Akademis samh\u00e4llseffekt g\u00f6rs f\u00f6r att p\u00e5 sikt \u00f6ka v\u00e5ra m\u00f6jligheter till finansiering, f\u00f6r att ocks\u00e5 i framtiden kunna idka internationellt konkurrenskraftig forskning, och f\u00f6r att som ett litet universitet kunna motivera v\u00e5r existens.<\/a> Finlands Akademis profileringsfinansiering har i f\u00f6rsta hand beviljats v\u00e5ra fyra profileringsomr\u00e5den inom forskningen, men i k\u00f6lvattnet av att vi sk\u00e4rper v\u00e5r forskningsprofil kommer ocks\u00e5 den \u00f6vriga forskningen och hela universitetet att gynnas.<\/p>\n<h4>Har du fr\u00e5gor?<\/h4>\n<p>F\u00f6lj den h\u00e4r sidan och blogginl\u00e4ggen i samband med denna, mera info kommer efterhand.<br \/>\nHar du fr\u00e5gor, h\u00f6r g\u00e4rna av dig till vicerektor <strong>Niklas Sandler<\/strong> (<a href=\"mailto:niklas.sandler@abo.fi\">niklas.sandler@abo.fi<\/a>, 046 921 5883) eller koordinator <strong>Johanna Liinamaa<\/strong> (<a href=\"mailto:johanna.liinamaa@abo.fi\">johanna.liinamaa@abo.fi<\/a>, 050 461 7636).<\/p>\n<hr \/>\n<h1>\u00c5bo Akademi University &amp; societal impact<\/h1>\n<p>\u00c5bo Akademi University was granted 1.9 million euros by the Academy of Finland through its fourth round of funding for profiling the research into distinct areas of strength. The funding will primarily be invested in endeavours concerning the impact of research and universities in society.<\/p>\n<p>Scientific research affects our world in many ways. The results of research contribute to improved welfare and economy, while also serving as a foundation for our world views and culture. This is referred to as social impact. In our profiling efforts, we need to ask ourselves the following questions:<\/p>\n<blockquote><p>What is the impact of \u00c5bo Akademi University\u2019s research in society?<\/p><\/blockquote>\n<p>As a university, how do we understand our social responsibility, and how does the surrounding world understand our responsibility?<\/p>\n<p><a href=\"https:\/\/blogs.abo.fi\/impact\/files\/2019\/02\/A\u030aAU-Guidelines-for-Impact.pdf\" target=\"_blank\" rel=\"noopener\">The work concerning \u00c5AU\u2019s social impact is important in order for us to increase our funding possibilities in the long run, to be able to conduct internationally competitive research in the future, and to motivate our existence as a small university. <\/a>This funding granted by the Academy of Finland is primarily targeted to our four profiled research areas, but the strengthening of our research profile will also benefit our other research areas and the university as a whole.<\/p>\n<h4>Questions?<\/h4>\n<p>Please, follow this website for more information, it will be updated regularly. If you have any questions, please contact Vice-Rector <strong>Niklas Sandler<\/strong> (<a href=\"mailto:niklas.sandler@abo.fi\">niklas.sandler@abo.fi<\/a>, +358 46 921 5883) or Coordinator <strong>Johanna Liinamaa<\/strong> (<a href=\"mailto:johanna.liinamaa@abo.fi\">johanna.liinamaa@abo.fi<\/a>, +358 50 461 7636).<\/p>\n","protected":false},"excerpt":{"rendered":"<p>***In English below*** \u00c5bo Akademi beviljades 1,9 miljoner euro i Finlands Akademis fj\u00e4rde rond f\u00f6r profileringsfinansiering. Finansieringen ska i huvudsak anv\u00e4ndas f\u00f6r s\u00e4rskilda satsningar p\u00e5 &#8221;impact&#8221;, det vill s\u00e4ga forskningens och universitetets samh\u00e4llseffekt. Vetenskapen ber\u00f6r v\u00e4rlden p\u00e5 m\u00e5nga olika s\u00e4tt. Forskningsresultaten kan ge f\u00f6rb\u00e4ttrat v\u00e4lm\u00e5ende, ekonomisk nytta, eller ocks\u00e5 st\u00e5r vetenskapen som grund f\u00f6r v\u00e4rldsbild [&hellip;]<\/p>\n","protected":false},"author":1,"featured_media":0,"parent":0,"menu_order":0,"comment_status":"closed","ping_status":"closed","template":"","meta":{"footnotes":""},"class_list":["post-6","page","type-page","status-publish","hentry"],"_links":{"self":[{"href":"https:\/\/blogs.abo.fi\/impact\/wp-json\/wp\/v2\/pages\/6","targetHints":{"allow":["GET"]}}],"collection":[{"href":"https:\/\/blogs.abo.fi\/impact\/wp-json\/wp\/v2\/pages"}],"about":[{"href":"https:\/\/blogs.abo.fi\/impact\/wp-json\/wp\/v2\/types\/page"}],"author":[{"embeddable":true,"href":"https:\/\/blogs.abo.fi\/impact\/wp-json\/wp\/v2\/users\/1"}],"replies":[{"embeddable":true,"href":"https:\/\/blogs.abo.fi\/impact\/wp-json\/wp\/v2\/comments?post=6"}],"version-history":[{"count":30,"href":"https:\/\/blogs.abo.fi\/impact\/wp-json\/wp\/v2\/pages\/6\/revisions"}],"predecessor-version":[{"id":127,"href":"https:\/\/blogs.abo.fi\/impact\/wp-json\/wp\/v2\/pages\/6\/revisions\/127"}],"wp:attachment":[{"href":"https:\/\/blogs.abo.fi\/impact\/wp-json\/wp\/v2\/media?parent=6"}],"curies":[{"name":"wp","href":"https:\/\/api.w.org\/{rel}","templated":true}]}}