{"id":46,"date":"2025-01-22T10:05:16","date_gmt":"2025-01-22T09:05:16","guid":{"rendered":"https:\/\/blogs.abo.fi\/myth-centre-for-research-in-memory-testimony-and-histography\/?page_id=46"},"modified":"2026-02-04T11:48:29","modified_gmt":"2026-02-04T09:48:29","slug":"medlemmar","status":"publish","type":"page","link":"https:\/\/blogs.abo.fi\/myth-centre-for-research-in-memory-testimony-and-histography\/medlemmar\/","title":{"rendered":"Members"},"content":{"rendered":"<p><strong>The leaders of the centre<\/strong><\/p>\n<p><a href=\"https:\/\/research.abo.fi\/en\/persons\/jonas-ahlskog\/\">Jonas Ahlskog (History, \u00c5bo Akademi University)<\/a><\/p>\n<p><a href=\"https:\/\/research.abo.fi\/en\/persons\/lovisa-and%C3%A9n\/\">Lovisa And\u00e9n (Philosophy, \u00c5bo Akademi University)<\/a><\/p>\n<p><a href=\"https:\/\/research.abo.fi\/en\/persons\/natan-elgabsi\/\">Natan Elgabsi (CoE Meliorist Philosophy of Suffering, Tampere University)<\/a><\/p>\n<p>&nbsp;<\/p>\n<p><strong>Affiliated doctoral researcher<\/strong><\/p>\n<p><a href=\"https:\/\/research.abo.fi\/en\/persons\/maria-bj%C3%B6rkholm\/\">Maria Bj\u00f6rkholm (Philosophy, \u00c5bo Akademi University)<\/a><\/p>\n<p>&nbsp;<\/p>\n<p><strong>Visiting researcher<\/strong><\/p>\n<p><a href=\"https:\/\/www.su.se\/english\/profiles\/vfare-1.191294\">Victoria Fareld (Intellectual History, Stockholm University)<\/a> (Research visit, autumn 2025)<\/p>\n<p>&nbsp;<\/p>\n","protected":false},"excerpt":{"rendered":"<p>The leaders of the centre Jonas Ahlskog (History, \u00c5bo Akademi University) Lovisa And\u00e9n (Philosophy, \u00c5bo Akademi University) Natan Elgabsi (CoE Meliorist Philosophy of Suffering, Tampere University) &nbsp; Affiliated doctoral researcher Maria Bj\u00f6rkholm (Philosophy, \u00c5bo Akademi University) &nbsp; Visiting researcher Victoria Fareld (Intellectual History, Stockholm University) (Research visit, autumn 2025) &nbsp;<\/p>\n","protected":false},"author":784,"featured_media":0,"parent":0,"menu_order":0,"comment_status":"closed","ping_status":"closed","template":"","meta":{"footnotes":""},"class_list":["post-46","page","type-page","status-publish","hentry"],"_links":{"self":[{"href":"https:\/\/blogs.abo.fi\/myth-centre-for-research-in-memory-testimony-and-histography\/wp-json\/wp\/v2\/pages\/46","targetHints":{"allow":["GET"]}}],"collection":[{"href":"https:\/\/blogs.abo.fi\/myth-centre-for-research-in-memory-testimony-and-histography\/wp-json\/wp\/v2\/pages"}],"about":[{"href":"https:\/\/blogs.abo.fi\/myth-centre-for-research-in-memory-testimony-and-histography\/wp-json\/wp\/v2\/types\/page"}],"author":[{"embeddable":true,"href":"https:\/\/blogs.abo.fi\/myth-centre-for-research-in-memory-testimony-and-histography\/wp-json\/wp\/v2\/users\/784"}],"replies":[{"embeddable":true,"href":"https:\/\/blogs.abo.fi\/myth-centre-for-research-in-memory-testimony-and-histography\/wp-json\/wp\/v2\/comments?post=46"}],"version-history":[{"count":11,"href":"https:\/\/blogs.abo.fi\/myth-centre-for-research-in-memory-testimony-and-histography\/wp-json\/wp\/v2\/pages\/46\/revisions"}],"predecessor-version":[{"id":118,"href":"https:\/\/blogs.abo.fi\/myth-centre-for-research-in-memory-testimony-and-histography\/wp-json\/wp\/v2\/pages\/46\/revisions\/118"}],"wp:attachment":[{"href":"https:\/\/blogs.abo.fi\/myth-centre-for-research-in-memory-testimony-and-histography\/wp-json\/wp\/v2\/media?parent=46"}],"curies":[{"name":"wp","href":"https:\/\/api.w.org\/{rel}","templated":true}]}}