{"id":80,"date":"2019-09-27T14:41:53","date_gmt":"2019-09-27T12:41:53","guid":{"rendered":"https:\/\/blogs.abo.fi\/pedagogik-och-lararfortbildning\/?page_id=80"},"modified":"2021-02-03T08:50:17","modified_gmt":"2021-02-03T07:50:17","slug":"om","status":"publish","type":"page","link":"https:\/\/blogs.abo.fi\/pedagogik-och-lararfortbildning\/om\/","title":{"rendered":"Om"},"content":{"rendered":"<p><img loading=\"lazy\" decoding=\"async\" class=\"alignnone size-large wp-image-28\" src=\"https:\/\/blogs.abo.fi\/pedagogik-och-lararfortbildning\/files\/2019\/03\/Stor-skylt-test-1024x683.jpg\" alt=\"\" width=\"525\" height=\"350\" \/><\/p>\n<p style=\"text-align: center\">Vi \u00e4r Svenskfinlands st\u00f6rsta enhet f\u00f6r vuxenutbildning och erbjuder kvalificerad kompetensutveckling inom det pedagogiska \u00e4mnesomr\u00e5det. Vi \u00e4r m\u00e5na om att st\u00f6dja det livsl\u00e5nga l\u00e4randet med aktuella kunskaper.<\/p>\n<p style=\"text-align: center\">Under l\u00e4s\u00e5ret erbjuder vi er ett rikt utbud av b\u00e5de l\u00e4ngre och kortare fortbildningar samt seminarier. P\u00e5 denna blogg delar vi med oss av resultat, forskning och annat intressant r\u00f6rande v\u00e5ra projekt. V\u00e4lkomna!<\/p>\n<p style=\"text-align: center\">Nyhet: H\u00e4r kan du l\u00e4sa v\u00e5rt\u00a0<a href=\"https:\/\/mailchi.mp\/f642f518068a\/aktuellt-frn-pedagogik-lrarfortbildningsteamet-420293\">senaste nyhetsbrev<\/a>, eller ocks\u00e5\u00a0<a href=\"https:\/\/abo.us18.list-manage.com\/subscribe?u=8f64ae1d11b262db0e2f609af&amp;id=a48ba17e13\">prenumerera<\/a>!<\/p>\n<p>&nbsp;<\/p>\n","protected":false},"excerpt":{"rendered":"<p>Vi \u00e4r Svenskfinlands st\u00f6rsta enhet f\u00f6r vuxenutbildning och erbjuder kvalificerad kompetensutveckling inom det pedagogiska \u00e4mnesomr\u00e5det. Vi \u00e4r m\u00e5na om att st\u00f6dja det livsl\u00e5nga l\u00e4randet med aktuella kunskaper. Under l\u00e4s\u00e5ret erbjuder vi er ett rikt utbud av b\u00e5de l\u00e4ngre och kortare fortbildningar samt seminarier. P\u00e5 denna blogg delar vi med oss av resultat, forskning och annat &hellip; <\/p>\n<p class=\"link-more\"><a href=\"https:\/\/blogs.abo.fi\/pedagogik-och-lararfortbildning\/om\/\" class=\"more-link\">Forts\u00e4tt l\u00e4sa<span class=\"screen-reader-text\"> \u201dOm\u201d<\/span><\/a><\/p>\n","protected":false},"author":619,"featured_media":0,"parent":0,"menu_order":0,"comment_status":"closed","ping_status":"closed","template":"","meta":{"footnotes":""},"class_list":["post-80","page","type-page","status-publish","hentry"],"_links":{"self":[{"href":"https:\/\/blogs.abo.fi\/pedagogik-och-lararfortbildning\/wp-json\/wp\/v2\/pages\/80","targetHints":{"allow":["GET"]}}],"collection":[{"href":"https:\/\/blogs.abo.fi\/pedagogik-och-lararfortbildning\/wp-json\/wp\/v2\/pages"}],"about":[{"href":"https:\/\/blogs.abo.fi\/pedagogik-och-lararfortbildning\/wp-json\/wp\/v2\/types\/page"}],"author":[{"embeddable":true,"href":"https:\/\/blogs.abo.fi\/pedagogik-och-lararfortbildning\/wp-json\/wp\/v2\/users\/619"}],"replies":[{"embeddable":true,"href":"https:\/\/blogs.abo.fi\/pedagogik-och-lararfortbildning\/wp-json\/wp\/v2\/comments?post=80"}],"version-history":[{"count":3,"href":"https:\/\/blogs.abo.fi\/pedagogik-och-lararfortbildning\/wp-json\/wp\/v2\/pages\/80\/revisions"}],"predecessor-version":[{"id":120,"href":"https:\/\/blogs.abo.fi\/pedagogik-och-lararfortbildning\/wp-json\/wp\/v2\/pages\/80\/revisions\/120"}],"wp:attachment":[{"href":"https:\/\/blogs.abo.fi\/pedagogik-och-lararfortbildning\/wp-json\/wp\/v2\/media?parent=80"}],"curies":[{"name":"wp","href":"https:\/\/api.w.org\/{rel}","templated":true}]}}