{"id":84,"date":"2025-03-19T12:34:45","date_gmt":"2025-03-19T11:34:45","guid":{"rendered":"https:\/\/blogs.abo.fi\/religionsvetenskap\/?page_id=84"},"modified":"2025-03-27T09:09:18","modified_gmt":"2025-03-27T08:09:18","slug":"home","status":"publish","type":"page","link":"https:\/\/blogs.abo.fi\/religionsvetenskap\/","title":{"rendered":"Om oss"},"content":{"rendered":"<div class=\"col-12 col-sm-12\">\n<h1 class=\"mb-3\">Huvud\u00e4mnet religionsvetenskap<\/h1>\n<\/div>\n<div class=\"col-sm-12\">\n<p>Religioner p\u00e5verkar v\u00e5ra beteenden, f\u00f6rest\u00e4llningsv\u00e4rldar och tankes\u00e4tt i etiska och moraliska fr\u00e5gor, och pr\u00e4glar d\u00e4rmed v\u00e5ra samh\u00e4llen och m\u00f6ten mellan olika m\u00e4nniskor och kulturer. Som religionsvetenskapsstuderande studerar du icke-kristna religioner men l\u00e4r dig ocks\u00e5 f\u00f6rst\u00e5 kristna kulturer och traditioner ur ett vetenskapligt perspektiv, liksom \u00e4ven sekul\u00e4ra och ateistiska f\u00f6rh\u00e5llningss\u00e4tt. Religionsvetenskapen behandlar religion i b\u00e5de historia och nutid ur flera infallsvinklar: det rent historiska, det j\u00e4mf\u00f6rande, det religionspsykologiska, det religionssociologiska, det religionsantropologiska och det religionspedagogiska studiet. Till detta kan ytterligare teman, s\u00e5som exempelvis samspelet mellan religion och media, religion och genus eller religion och ekologi l\u00e4ggas till. I dina studier l\u00e4r du dig om grundbegreppen och f\u00f6rh\u00e5llningss\u00e4tten i olika religi\u00f6sa traditioner, hur religionerna praktiseras och om deras syns\u00e4tt och heliga texter. Du f\u00e5r \u00e4ven inblick i samtida religi\u00f6sa r\u00f6relser och str\u00f6mningar som har betydelse idag. D\u00e4rtill l\u00e4r du dig f\u00f6rst\u00e5 och till\u00e4mpa flertalet forskningsmetoder.<\/p>\n<p>Religionsvetenskap kan l\u00e4sas som huvud\u00e4mne av b\u00e5de humanister och teologer. Studier i religionsvetenskap ger dig flera m\u00f6jligheter till specialisering. Inom den allm\u00e4nna inriktningen kan du fritt v\u00e4lja specialiseringskurser och bi\u00e4mnen. Inom inriktning kulturledning l\u00e4ser du kulturledning som kort bi\u00e4mne men har i \u00f6vrigt stor valfrihet i dina kursval. Om du d\u00e4remot vill bli religionsl\u00e4rare l\u00e4ser du ut\u00f6ver ditt huvud\u00e4mne allm\u00e4n teologi, samt pedagogik och ett andra undervisnings\u00e4mne som dina bi\u00e4mnen. Under studierna har du m\u00f6jlighet att \u00e5ka utomlands p\u00e5 utbyte. Religionsvetenskap kan l\u00e4sas som b\u00e5de l\u00e5ngt och kort bi\u00e4mne av andra studerande.<\/p>\n<\/div>\n","protected":false},"excerpt":{"rendered":"<p>Huvud\u00e4mnet religionsvetenskap Religioner p\u00e5verkar v\u00e5ra beteenden, f\u00f6rest\u00e4llningsv\u00e4rldar och tankes\u00e4tt i etiska och moraliska fr\u00e5gor, och pr\u00e4glar d\u00e4rmed v\u00e5ra samh\u00e4llen och m\u00f6ten mellan olika m\u00e4nniskor och kulturer. Som religionsvetenskapsstuderande studerar du icke-kristna religioner men l\u00e4r dig ocks\u00e5 f\u00f6rst\u00e5 kristna kulturer och traditioner ur ett vetenskapligt perspektiv, liksom \u00e4ven sekul\u00e4ra och ateistiska f\u00f6rh\u00e5llningss\u00e4tt. Religionsvetenskapen behandlar religion i &hellip; <\/p>\n<p class=\"link-more\"><a href=\"https:\/\/blogs.abo.fi\/religionsvetenskap\/\" class=\"more-link\">Continue reading<span class=\"screen-reader-text\"> &#8220;Om oss&#8221;<\/span><\/a><\/p>\n","protected":false},"author":713,"featured_media":0,"parent":0,"menu_order":0,"comment_status":"closed","ping_status":"closed","template":"","meta":{"footnotes":""},"class_list":["post-84","page","type-page","status-publish","hentry"],"_links":{"self":[{"href":"https:\/\/blogs.abo.fi\/religionsvetenskap\/wp-json\/wp\/v2\/pages\/84","targetHints":{"allow":["GET"]}}],"collection":[{"href":"https:\/\/blogs.abo.fi\/religionsvetenskap\/wp-json\/wp\/v2\/pages"}],"about":[{"href":"https:\/\/blogs.abo.fi\/religionsvetenskap\/wp-json\/wp\/v2\/types\/page"}],"author":[{"embeddable":true,"href":"https:\/\/blogs.abo.fi\/religionsvetenskap\/wp-json\/wp\/v2\/users\/713"}],"replies":[{"embeddable":true,"href":"https:\/\/blogs.abo.fi\/religionsvetenskap\/wp-json\/wp\/v2\/comments?post=84"}],"version-history":[{"count":5,"href":"https:\/\/blogs.abo.fi\/religionsvetenskap\/wp-json\/wp\/v2\/pages\/84\/revisions"}],"predecessor-version":[{"id":149,"href":"https:\/\/blogs.abo.fi\/religionsvetenskap\/wp-json\/wp\/v2\/pages\/84\/revisions\/149"}],"wp:attachment":[{"href":"https:\/\/blogs.abo.fi\/religionsvetenskap\/wp-json\/wp\/v2\/media?parent=84"}],"curies":[{"name":"wp","href":"https:\/\/api.w.org\/{rel}","templated":true}]}}