{"id":82,"date":"2021-04-07T09:07:33","date_gmt":"2021-04-07T07:07:33","guid":{"rendered":"https:\/\/blogs.abo.fi\/sprakbadsbloggen\/?page_id=82"},"modified":"2021-04-07T10:13:21","modified_gmt":"2021-04-07T08:13:21","slug":"om-sprakbad","status":"publish","type":"page","link":"https:\/\/blogs.abo.fi\/sprakbadsbloggen\/om-sprakbad\/","title":{"rendered":"Om spr\u00e5kbad"},"content":{"rendered":"<p>Spr\u00e5kbad \u00e4r en form av undervisning p\u00e5 tv\u00e5 spr\u00e5k, d\u00e4r en del av undervisningen sker p\u00e5 spr\u00e5kbadsspr\u00e5ket (i Finland oftast svenska) och en del p\u00e5 elevernas f\u00f6rstaspr\u00e5k (i Finland oftast finska). Programmet \u00e4r frivilligt och <span style=\"font-size: 1rem\">i regel till f\u00f6r barn som inte har spr\u00e5kbadsspr\u00e5ket som sitt modersm\u00e5l. <\/span>Spr\u00e5kbadet bygger p\u00e5 antagandet att spr\u00e5kinl\u00e4rningen sker effektivast genom meningsfull kommunikation.<\/p>\n<p>Programmet som erbjuds i Finland \u00e4r tidigt fullst\u00e4ndigt spr\u00e5kbad. Detta program inleds tidigast vid tre \u00e5rs \u00e5lder och senast i f\u00f6rskoleundervisningen, och p\u00e5g\u00e5r till slutet av den grundl\u00e4ggande utbildningen. Undervisningen ges i b\u00f6rjan till st\u00f6rsta delen p\u00e5 spr\u00e5kbadsspr\u00e5ket, medan undervisningen p\u00e5 f\u00f6rstaspr\u00e5ket och \u00f6vriga spr\u00e5k \u00f6kar efter hand. Andelen undervisning p\u00e5 spr\u00e5kbadsspr\u00e5ket ska utg\u00f6ra minst 50 % av hela programmet.<\/p>\n<p>Mer information om spr\u00e5kbad finns p\u00e5 webbplatsen <a href=\"https:\/\/www.abo.fi\/sprakresurs\/sprakbad\/\">www.abo.fi\/sprakbad<\/a>.<\/p>\n<p>Mer information om spr\u00e5kbad och annan verksamhet\/undervisning p\u00e5 tv\u00e5 spr\u00e5k finns ocks\u00e5 i kapitel 10 i <a href=\"https:\/\/www.oph.fi\/sites\/default\/files\/documents\/166434_grunderna_for_laroplanen_verkkojulkaisu.pdf\">Grunderna f\u00f6r l\u00e4roplanen f\u00f6r den grundl\u00e4ggande utbildningen<\/a> och i avsnitt 4.6 i <a href=\"https:\/\/www.oph.fi\/sites\/default\/files\/documents\/grunderna-for-planen-for-smabarnspedagogik-2018_0.pdf\">Grunderna f\u00f6r planen f\u00f6r sm\u00e5barnspedagogik<\/a>.<\/p>\n","protected":false},"excerpt":{"rendered":"<p>Spr\u00e5kbad \u00e4r en form av undervisning p\u00e5 tv\u00e5 spr\u00e5k, d\u00e4r en del av undervisningen sker p\u00e5 spr\u00e5kbadsspr\u00e5ket (i Finland oftast svenska) och en del p\u00e5 elevernas f\u00f6rstaspr\u00e5k (i Finland oftast finska). Programmet \u00e4r frivilligt och i regel till f\u00f6r barn som inte har spr\u00e5kbadsspr\u00e5ket som sitt modersm\u00e5l. Spr\u00e5kbadet bygger p\u00e5 antagandet att spr\u00e5kinl\u00e4rningen sker effektivast &hellip; <\/p>\n<p class=\"link-more\"><a href=\"https:\/\/blogs.abo.fi\/sprakbadsbloggen\/om-sprakbad\/\" class=\"more-link\">Forts\u00e4tt l\u00e4sa<span class=\"screen-reader-text\"> \u201dOm spr\u00e5kbad\u201d<\/span><\/a><\/p>\n","protected":false},"author":701,"featured_media":0,"parent":0,"menu_order":0,"comment_status":"closed","ping_status":"closed","template":"","meta":{"footnotes":""},"class_list":["post-82","page","type-page","status-publish","hentry"],"_links":{"self":[{"href":"https:\/\/blogs.abo.fi\/sprakbadsbloggen\/wp-json\/wp\/v2\/pages\/82","targetHints":{"allow":["GET"]}}],"collection":[{"href":"https:\/\/blogs.abo.fi\/sprakbadsbloggen\/wp-json\/wp\/v2\/pages"}],"about":[{"href":"https:\/\/blogs.abo.fi\/sprakbadsbloggen\/wp-json\/wp\/v2\/types\/page"}],"author":[{"embeddable":true,"href":"https:\/\/blogs.abo.fi\/sprakbadsbloggen\/wp-json\/wp\/v2\/users\/701"}],"replies":[{"embeddable":true,"href":"https:\/\/blogs.abo.fi\/sprakbadsbloggen\/wp-json\/wp\/v2\/comments?post=82"}],"version-history":[{"count":4,"href":"https:\/\/blogs.abo.fi\/sprakbadsbloggen\/wp-json\/wp\/v2\/pages\/82\/revisions"}],"predecessor-version":[{"id":86,"href":"https:\/\/blogs.abo.fi\/sprakbadsbloggen\/wp-json\/wp\/v2\/pages\/82\/revisions\/86"}],"wp:attachment":[{"href":"https:\/\/blogs.abo.fi\/sprakbadsbloggen\/wp-json\/wp\/v2\/media?parent=82"}],"curies":[{"name":"wp","href":"https:\/\/api.w.org\/{rel}","templated":true}]}}