{"id":1545,"date":"2019-03-01T14:20:11","date_gmt":"2019-03-01T12:20:11","guid":{"rendered":"http:\/\/blogs.abo.fi\/visuellastudier\/?page_id=1545"},"modified":"2024-10-30T18:58:58","modified_gmt":"2024-10-30T16:58:58","slug":"mat-i-konsten","status":"publish","type":"page","link":"https:\/\/blogs.abo.fi\/visuellastudier\/mat-i-konsten\/","title":{"rendered":"Mat i konsten"},"content":{"rendered":"<p>Mat i konsten \u2013 n\u00e5gra nedslag i konsthistorien. Gjord \u00e5r 2019 som virtuell &#8221;pop-up-utst\u00e4llning&#8221;.\u00a0 Klicka p\u00e5 l\u00e4nken f\u00f6r presentation i Prezi: <a href=\"https:\/\/prezi.com\/view\/BLVUFjQ0eTMkehgX12BC\/\" target=\"_blank\" rel=\"noopener\">https:\/\/prezi.com\/view\/BLVUFjQ0eTMkehgX12BC\/<\/a><\/p>\n<h2><a style=\"font-style: italic;background-color: transparent;font-family: 'Source Sans Pro', Helvetica, sans-serif;font-size: 16px\" href=\"http:\/\/blogs.abo.fi\/visuellastudier\/files\/5_Meat_Stall_with_the_Holy_Family_Giving_Alms_-_Pieter_Aertsen.jpg\"><img loading=\"lazy\" decoding=\"async\" class=\"size-large wp-image-1555\" src=\"http:\/\/blogs.abo.fi\/visuellastudier\/files\/5_Meat_Stall_with_the_Holy_Family_Giving_Alms_-_Pieter_Aertsen-1024x713.jpg\" alt=\"\" width=\"640\" height=\"446\" srcset=\"https:\/\/blogs.abo.fi\/visuellastudier\/files\/5_Meat_Stall_with_the_Holy_Family_Giving_Alms_-_Pieter_Aertsen-1024x713.jpg 1024w, https:\/\/blogs.abo.fi\/visuellastudier\/files\/5_Meat_Stall_with_the_Holy_Family_Giving_Alms_-_Pieter_Aertsen-300x209.jpg 300w, https:\/\/blogs.abo.fi\/visuellastudier\/files\/5_Meat_Stall_with_the_Holy_Family_Giving_Alms_-_Pieter_Aertsen-768x535.jpg 768w\" sizes=\"auto, (max-width: 640px) 100vw, 640px\" \/><\/a><\/h2>\n<p>Pieter Aertsen (1508-1575)<br \/>\nK\u00f6tthandlarbod med den heliga familjen utdelande allmosor p\u00e5 v\u00e4gen till Egypten, 1551<br \/>\nTempera och olja p\u00e5 pann\u00e5, 115 x 165 cm<br \/>\nNorth Carolina Museum of Art<\/p>\n","protected":false},"excerpt":{"rendered":"<p>Mat i konsten \u2013 n\u00e5gra nedslag i konsthistorien. Gjord \u00e5r 2019 som virtuell &#8221;pop-up-utst\u00e4llning&#8221;.\u00a0 Klicka p\u00e5 l\u00e4nken f\u00f6r presentation i Prezi: https:\/\/prezi.com\/view\/BLVUFjQ0eTMkehgX12BC\/ Pieter Aertsen (1508-1575) K\u00f6tthandlarbod med den heliga familjen utdelande allmosor p\u00e5 v\u00e4gen till Egypten, 1551 Tempera och olja p\u00e5 pann\u00e5, 115 x 165 cm North Carolina Museum of Art<\/p>\n","protected":false},"author":159,"featured_media":0,"parent":0,"menu_order":0,"comment_status":"closed","ping_status":"closed","template":"","meta":{"footnotes":""},"class_list":["post-1545","page","type-page","status-publish","hentry"],"_links":{"self":[{"href":"https:\/\/blogs.abo.fi\/visuellastudier\/wp-json\/wp\/v2\/pages\/1545","targetHints":{"allow":["GET"]}}],"collection":[{"href":"https:\/\/blogs.abo.fi\/visuellastudier\/wp-json\/wp\/v2\/pages"}],"about":[{"href":"https:\/\/blogs.abo.fi\/visuellastudier\/wp-json\/wp\/v2\/types\/page"}],"author":[{"embeddable":true,"href":"https:\/\/blogs.abo.fi\/visuellastudier\/wp-json\/wp\/v2\/users\/159"}],"replies":[{"embeddable":true,"href":"https:\/\/blogs.abo.fi\/visuellastudier\/wp-json\/wp\/v2\/comments?post=1545"}],"version-history":[{"count":8,"href":"https:\/\/blogs.abo.fi\/visuellastudier\/wp-json\/wp\/v2\/pages\/1545\/revisions"}],"predecessor-version":[{"id":2217,"href":"https:\/\/blogs.abo.fi\/visuellastudier\/wp-json\/wp\/v2\/pages\/1545\/revisions\/2217"}],"wp:attachment":[{"href":"https:\/\/blogs.abo.fi\/visuellastudier\/wp-json\/wp\/v2\/media?parent=1545"}],"curies":[{"name":"wp","href":"https:\/\/api.w.org\/{rel}","templated":true}]}}